{"id":72,"date":"2015-08-29T14:30:24","date_gmt":"2015-08-29T14:30:24","guid":{"rendered":"http:\/\/el.neuberg.pl\/?page_id=72"},"modified":"2015-10-09T07:14:27","modified_gmt":"2015-10-09T07:14:27","slug":"instalacje-niskopradowe","status":"publish","type":"page","link":"http:\/\/www.neuberg.pl\/index.php\/instalacje-niskopradowe\/","title":{"rendered":"Instalacje niskopr\u0105dowe"},"content":{"rendered":"<p><img loading=\"lazy\" class=\"wp-image-147 alignleft\" src=\"http:\/\/www.neuberg.pl\/wp-content\/uploads\/2015\/09\/foto_09-300x225.jpg\" alt=\"foto_09\" width=\"400\" height=\"300\" srcset=\"http:\/\/www.neuberg.pl\/wp-content\/uploads\/2015\/09\/foto_09-300x225.jpg 300w, http:\/\/www.neuberg.pl\/wp-content\/uploads\/2015\/09\/foto_09-200x150.jpg 200w, http:\/\/www.neuberg.pl\/wp-content\/uploads\/2015\/09\/foto_09-150x112.jpg 150w, http:\/\/www.neuberg.pl\/wp-content\/uploads\/2015\/09\/foto_09.jpg 650w\" sizes=\"(max-width: 400px) 100vw, 400px\" \/>&#8211; Instalacje alarmowe i kontroli dost\u0119pu,<br \/>\n&#8211; Instalacje sygnalizacji przeciwpo\u017carowej<br \/>\n&#8211; Instalacje dzwi\u0119kowego systemu ostrzegania<br \/>\n&#8211; Instalacje strukturalne pasywne i aktywne<br \/>\n&#8211; Instalacje domofonowe<br \/>\n&#8211; Instalacje telewizji przemys\u0142owej<\/p>\n","protected":false},"excerpt":{"rendered":"<p>&#8211; Instalacje alarmowe i kontroli dost\u0119pu, &#8211; Instalacje sygnalizacji przeciwpo\u017carowej &#8211; Instalacje dzwi\u0119kowego systemu ostrzegania &#8211; Instalacje strukturalne pasywne i aktywne &#8211; Instalacje domofonowe &#8211; Instalacje telewizji przemys\u0142owej<\/p>\n<p> <a class=\"continue-reading-link\" href=\"http:\/\/www.neuberg.pl\/index.php\/instalacje-niskopradowe\/\"><span>Continue reading<\/span><i class=\"crycon-right-dir\"><\/i><\/a> <\/p>\n","protected":false},"author":3,"featured_media":0,"parent":0,"menu_order":0,"comment_status":"closed","ping_status":"closed","template":"","meta":[],"_links":{"self":[{"href":"http:\/\/www.neuberg.pl\/index.php\/wp-json\/wp\/v2\/pages\/72"}],"collection":[{"href":"http:\/\/www.neuberg.pl\/index.php\/wp-json\/wp\/v2\/pages"}],"about":[{"href":"http:\/\/www.neuberg.pl\/index.php\/wp-json\/wp\/v2\/types\/page"}],"author":[{"embeddable":true,"href":"http:\/\/www.neuberg.pl\/index.php\/wp-json\/wp\/v2\/users\/3"}],"replies":[{"embeddable":true,"href":"http:\/\/www.neuberg.pl\/index.php\/wp-json\/wp\/v2\/comments?post=72"}],"version-history":[{"count":10,"href":"http:\/\/www.neuberg.pl\/index.php\/wp-json\/wp\/v2\/pages\/72\/revisions"}],"predecessor-version":[{"id":284,"href":"http:\/\/www.neuberg.pl\/index.php\/wp-json\/wp\/v2\/pages\/72\/revisions\/284"}],"wp:attachment":[{"href":"http:\/\/www.neuberg.pl\/index.php\/wp-json\/wp\/v2\/media?parent=72"}],"curies":[{"name":"wp","href":"https:\/\/api.w.org\/{rel}","templated":true}]}}